) + (2 - 13) - (-75 - -18)?
44
Evaluate -1 + -52 + (-17 - -22) - (-11 + 7).
-44
What is the value of (-1 + -13 - (382 + -481)) + -14?
71
Evaluate (17 - -1 - 1) + (1403 - 1434) - 28.
-42
What is (127 + 8 - -3) + -467 + 458?
129
-102 + 175 + 35 + -215
-107
Evaluate (44 - -21 - 27) + -22.
16
What is the value of (12 - (-33 + -2 + 67)) + 88?
68
What is the value of 32 - (-10 + (-3 - -8) + 12)?
25
Calculate -10 + (15 - 116 - -190).
79
What is the value of 20 - (-54 + (64 - 22))?
32
24 - (14 + (0 - -2 - (166 + -169)))
5
What is the value of 232 - (3 + 141) - 14?
74
Evaluate (5 - 3 - (-92 + 134 - (3 - 9))) + 4.
-42
What is 23 + (-6 - -11) + -18 + -2 + -34?
-26
Calculate (18 - -10) + -27 + (-15 - -76).
62
Calculate (6 - 12 - 23 - (122 - 136)) + -15.
-30
Evaluate (28 + 39 - 16 - -46) + (-15 + 0 - -2).
84
Calculate -2 - -1 - (858 + -901).
42
Calculate -12 - (-55 - (-2 - 3)) - (-207 - -228).
17
17 + (19 - (19 + -4 + 6))
15
41 - (56 + (120 - 73))
-62
Evaluate -58 + (-136 - -145) + (-11 - -1) + 4 + 3.
-52
What is -36 - (10 - (64 - 37))?
-19
Evaluate (34 - (3 + 1 - 0)) + -39 + (-46 - -83).
28
Calculate 43 + (31 - 4) + -41.
29
Evaluate 0 - (-7 - (-15 - 10 - -19) - (-103 - 4)).
-106
What is the value of 49 + 0 + 12 + (-2 - -13)?
72
Evaluate 22 + (-15 - (-42 + 71 + -33 + -3 + 2)).
12
(28 + -23 - 1 - (1 + -10)) + -9
4
Evaluate 94 + -20 + -63 + -83.
-72
Calculate 44 - 158 - -149 - (-61 + 1).
95
What is the value of -4 - (-5 + 5) - -66 - (24 - 10)?
48
What is (27 - (40 - 24 - -2)) + -54 + -1?
-46
(-84 - -16) + (1 - -98)
31
Calculate -31 + 57 + -4 + 4 - 5.
21
Evaluate (38 + -75 - -103) + (-10 - -1 - (-1 - -1)).
57
-10 + (-18 - (-1 + 2)) + -6
-35
Evaluate -125 + 129 + (6 - -30).
40
23 + -41 + 20 - (-74 + (5 - 8 - -8))
71
What is the value of 1 + 4 + (-7 - 1 - (-41 + (12 - -49)))?
-23
12 - (-10 - ((-12 - -14 - 26) + 16))
14
What is the value of -5 + -36 - -4 - -11?
-26
-3 + -6 + 5 - 45 - (-13 - -12 - -11)
-59
Evaluate -15 + (13 - 3) - -45 - (0 - -7).
33
1 + 0 + 5 - ((5 - 11) + -2 + 73)
-59
What is the value of -14 - (-14 + -13 + -18 + 61 - -7)?
-37
What is (-1 - 3) + (42 + -31 + -4 - 43)?
-40
-16 + (-4 + (7 - 14) - -14) - -15
2
Calculate -9 - -12 - (-5 - (1 + 1)) - (-4 - 29).
43
(1758 - 1813) + (0 - -28) - (-7 + -1)
-19
Calculate (-21 - -2) + 3 + (-9 + 17 - 4) - 1.
-13
Calculate (-59 + 77 + -8 - (-1 + -52)) + 2.
65
What is the value of 1 + 17 + (-17 + 14 - -1 - -33)?
49
What is the value of 7 + (85 - -11 - (-22 + -4 + -5 + 20))?
114
Evaluate 26 + (-70 + 82 - 32).
6
2139 + -2239 - (7 + (-1 + -1 - 0))
-105
-142 - -124 - (4 + -127)
105
What is 0 - (15 - (18 + -8) - 29)?
24
Evaluate 18 + -44 + (8 - -5).
-13
What is 91 - (-6 + -48 - -51)?
94
What is (39 - 43) + 22 - (5 + -1) - -17?
31
What is 2031 + -2104 + (27 - -2)?
-44
-41 + (-16 + -1 - (-11 - (-75 - -70)))
-52
Calculate 31 - (61 - 13) - (1 - -22).
-40
Calculate 10 + 15 + 1 + -74.
-48
-17 - (66 + -73 + 1)
-11
What is the value of (-5 - (15 + -9) - ((0 - 4) + -6)) + -119?
-120
What is -56 + (1 - 39) + (148 - 42 - 87)?
-75
What is the value of 45 - (41 + 24 + -20)?
0
(22 - 9) + 2 + -4 + (-55 - -4 - -27)
-13
Evaluate (-17 - 38) + 26 - -2.
-27
What is the value of (-22 - (-22 - -19)) + (-24 - -9)?
-34
Calculate -9 - (-7 - 14 - -14 - (-1 + -5)).
-8
Calculate (7 - (26 - 11) - 8) + 27 + 15.
26
Evaluate 42 + -79 + -3 + 56.
16
-267 + 306 - (8 + -10)
41
Evaluate 57 + (13 - -3) + 2 + 1 + -6 + -11.
59
What is 0 + -4 - (346 + -338) - (0 - 0)?
-12
Calculate (16 - -17 - -8 - 23) + 8 + (-1 - 1).
24
Evaluate 32 - (40 - 12 - -3).
1
What is 942 - 924 - (0 + -68)?
86
-4 - ((-2 - 62) + 116)
-56
Evaluate 1 + 10 + (-32 - (-8 + (29 - (-17 + 29)))).
-30
What is the value of -15 + (23 - 6) - 13 - (16 - 1)?
-26
Evaluate 55 + (-3 - 4) - (-361 - -305).
104
What is the value of -36 + 0 + 59 + -78 + (19 + -5 - 5)?
-46
Calculate 49 - (-47 + -25 + 48 - (1 + -15)).
59
Evaluate 99 + -11 + 3 + (-16 - (4 - 18)) + 6.
95
(5 - ((-2 - 2) + (60 - 38))) + -48
-61
What is the value of (-7 - -27) + -22 + (-4 + 7 - -22)?
23
What is the value of -10 + -24 + 22 + 7 - -11 - 29?
-23
What is 5 - (17 - ((-30 - -10 - -12) + 57))?
37
-24 + (-30 - -6 - -20) - (0 + 0)
-28
Evaluate -15 + 2 + 84 + -51.
20
Calculate 55 - (121 + 37) - -33.
-70
(24 - (2 - 3 - 11 - 2)) + -8
30
What is the value of (3 + -71 - -1) + (-20 - -10) + (28 - 17)?
-66
Calculate 35 - 3 - (18 + -2 + (-11 - (-9 - -6))).
24
(-9 + 0 - (25 - 1 - 30)) + 14
11
What is the value of 13 - (-16 - -20) - (-6 - (-8 - (2 - 3)))?
8
Evaluate -27 + -5 + -2 + (-9 - 2 - -2).
-43
What is the value of -19 + -22 + 30 - 33?
-44
Evaluate 2 + -18 + 7 + -22 - (7 - -3 - 4).
-37
-5 - 8 - (-18 - (11 + -30 + 24))
10
Calculate 30 + (-212 - -134) + -21.
-69
What is -117 - (-195 - 32) - 104?
6
Evaluate 39 - (-6 + 3 - -3) - 8.
31
Evaluate -1 + 22 - (13 + 21 + -41 + 14) - 26.
-12
Evaluate (-169 - -273) + (0 - 47).
57
What is (-17 - (-36 + -21 + 36)) + (2 - 33)?
-27
What is -55 + (158 - 91 - 69)?
-57
Evaluate -236 + 13 - 18 - -131.
-110
(-1 - (18 - ((8 - 9) + 14) - 16)) + 57
67
What is the value of -45 - -49 - (-9 - -11 - -1 - -3 - -85)?
-87
What is -67 + 62 + -70 + -16?
-91
0 + (-11 - 9 - -16) + 9
5
What is 3 + -8 + 9 + 1 + -14?
-9
What is the value of -6 + (-26 - (-5 - (-5 + 1 + 0))) + 10?
-21
Evaluate -46 + (6 - 2 - 7) + (4 - -15).
-30
Evaluate 97 + 72 + -99 - 19.
51
What is 16 - (81 + -4) - (7 - (3 - (-2 + -6)))?
-57
Evaluate 1 + -3 + -1 + (-88 - (24 - 42) - -66).
-7
19 + -65 + 84 + -37 + (-1 - -42)
42
What is the value of -1 + -44 + 113 + -35 + -72?
-39
Calculate 39 - (-49 + 56 + 20).
12
Calculate -9 + -1 + (-99 - (-21 - 11 - 2)) - -12.
-63
15 - (41 - 6) - (38 + -21)
-37
What is the value of 110 + 5 - (-145 + 196)?
64
What is the value of -11 + -34 + 35 - (-41 + 4)?
27
Calculate -113 - (26 + (14 - 104)).
-49
Evaluate -6 + (0 - 0 - 6) + 6 + -13.
-19
Calculate 1 + (-14 - 33) + (5 - (1 + 11)).
-53
Calculate -6 + 21 - (12 + -17 + 6 - -3).
11
Evaluate 78 + -77 + -11 - (-1 - -82).
-91
What is the value of (31142 - 31144) + (0 - -1 - 1) + 1 + -3?
-4
What is the value of -12 - (45 - (90 - 77))?
-44
What is 66 - (11 + 0 + 0 - (-60 + 70))?
65
What is the value of 15 - (-14 + 33 + 0 + (2 - 11))?
5
What is -387 + 352 - (-128 + 7)?
86
Evaluate -12 + 1 + (280 - 285) - (-146 + -13).
143
What is the value of (-23 - 86) + -20 - (29 + -62)?
-96
Calculate 22 - (-54 - (-11 - 6) - -17).
42
What is 5 + (42 + -31 - 11) + (1 - -2)?
8
What is 38 - ((-76 - 5) + 61)?
58
What is -58 + (-41 - -95) - (-14 - 1) - (14 - 0)?
-3
What is 1 + 4 + (-35 - (-63 - (20 - 46))) - 61?
-54
What is the value of 3 - 0 - 16 - (96 - 121)?
12
What is 4 + (-3 - 21) + 23 + -10 + 0?
-7
Calculate 5 - 10 - (-4 - (3 + 7 - (12 + -3))).
0
What is 86 + -81 + (2 + (-82 - 2) - -8)?
-69
What is 2 - -39 - (-2 + -2 - (-3 + -17 + 23))?
48
What is the value of 1 + (-3 - -11) - (48 - 26)?
-13
(95 - (-25 - -151)) + 144
113
-9 - ((21 - 36) + -28 + 20)
14
What is -92 - -221 - (7 + (-4 - -17 - 14))?
123
25 + -23 - (-62 + 57) - -87
94
What is (-71 - (-46 + -53)) + -145?
-117
What is the value of -43 + (38 - 19 - -6) + 41?
23
What is the value of 45 + -10 + 18 + 2 + -40 - (-17 + 1)?
31
4 + (1 - 22) + (79 - 72) - (8 + -44)
26
What is 77 + -79 + (80 - -15)?
93
What is the value of 108 + (21 - 91) - (6 - -1)?
31
-6 - (-54 - (11 + -44)) - 131
-116
What is the value of (193 - 376) + (-3 - -121)?
-65
Evaluate -60 + -2 + 30 - -28.
-4
Calculate -3 - (-16 + 1) - ((-5 - -17) + 42).
-42
Calculate 20 - (15 + (20 - 16)) - 3.
-2
Calculate (-17 + 40 - 45) + 0 + 33.
11
Evaluate 17 - 5 - -3 - (2 + 7 + -3).
9
Calculate (336555 - 336567) + -1 + -23 + 0 + 1.
-35
What is 55 - ((4 - ((-16 - -12) + -8 - -10)) + -1)?
50
What is the value of (80 - (-48 + 108)) + -3 + (-3 + 3 - 1)?
16
What is -40 + (30 - -55) + -48?
-3
Calculate 9 - (-30 - (14 - 97)) - 25.
-69
What is -17 - -9 - (6 + -50 + 84)?
-48
Evaluate 5 + (6 - 2) - (28 - (-12 + 22)).
-9
What is 30 + (-10 - -10 - 3) + 0 - 10 - 4?
13
Calculate 38 + (-17 - 22) + 8 + 4 + 1 + 2.
14
What is 860 + -882 + 1 + (67 - 2)?
44
What is 163 + (118 - 86) - 62?
133
What is 25 + 14 + (-15 - (5 + -6))?
25
16 + (23 - -2) + (129 - 113)
57
Evaluate -54 + (-39 - -13) + 3 + (5 - 8).
-80
Calculate 3 - (-19 + 5) - ((-40 - 4) + -10).
71
What is -26 - -81 - ((11 - 23) + 30)?
37
Evaluate 26 - 25 - (